{"id":3,"date":"2022-09-02T19:26:56","date_gmt":"2022-09-02T19:26:56","guid":{"rendered":"https:\/\/combustiblesdeseguridad.com\/?page_id=3"},"modified":"2023-05-19T11:10:41","modified_gmt":"2023-05-19T16:10:41","slug":"politica-privacidad","status":"publish","type":"page","link":"https:\/\/combustiblesdeseguridad.com\/?page_id=3","title":{"rendered":"Pol\u00edtica de privacidad"},"content":{"rendered":"\t\t<div data-elementor-type=\"wp-page\" data-elementor-id=\"3\" class=\"elementor elementor-3\">\n\t\t\t\t\t\t\t\t\t<section class=\"elementor-section elementor-top-section elementor-element elementor-element-1fc1fe9 elementor-section-boxed elementor-section-height-default elementor-section-height-default\" data-id=\"1fc1fe9\" data-element_type=\"section\">\n\t\t\t\t\t\t<div class=\"elementor-container elementor-column-gap-default\">\n\t\t\t\t\t<div class=\"elementor-column elementor-col-100 elementor-top-column elementor-element elementor-element-71b5376\" data-id=\"71b5376\" data-element_type=\"column\">\n\t\t\t<div class=\"elementor-widget-wrap elementor-element-populated\">\n\t\t\t\t\t\t\t\t<div class=\"elementor-element elementor-element-6eb7897 elementor-widget elementor-widget-heading\" data-id=\"6eb7897\" data-element_type=\"widget\" data-widget_type=\"heading.default\">\n\t\t\t\t<div class=\"elementor-widget-container\">\n\t\t\t<style>\/*! elementor - v3.12.1 - 02-04-2023 *\/\n.elementor-heading-title{padding:0;margin:0;line-height:1}.elementor-widget-heading .elementor-heading-title[class*=elementor-size-]>a{color:inherit;font-size:inherit;line-height:inherit}.elementor-widget-heading .elementor-heading-title.elementor-size-small{font-size:15px}.elementor-widget-heading .elementor-heading-title.elementor-size-medium{font-size:19px}.elementor-widget-heading .elementor-heading-title.elementor-size-large{font-size:29px}.elementor-widget-heading .elementor-heading-title.elementor-size-xl{font-size:39px}.elementor-widget-heading .elementor-heading-title.elementor-size-xxl{font-size:59px}<\/style><h2 class=\"elementor-heading-title elementor-size-default\">NUESTRA POL\u00cdTICA DE PRIVACIDAD DE UN VISTAZO<\/h2>\t\t<\/div>\n\t\t\t\t<\/div>\n\t\t\t\t\t<\/div>\n\t\t<\/div>\n\t\t\t\t\t\t\t<\/div>\n\t\t<\/section>\n\t\t\t\t<section class=\"elementor-section elementor-top-section elementor-element elementor-element-8b61569 elementor-section-boxed elementor-section-height-default elementor-section-height-default\" data-id=\"8b61569\" data-element_type=\"section\">\n\t\t\t\t\t\t<div class=\"elementor-container elementor-column-gap-default\">\n\t\t\t\t\t<div class=\"elementor-column elementor-col-100 elementor-top-column elementor-element elementor-element-057a80f\" data-id=\"057a80f\" data-element_type=\"column\">\n\t\t\t<div class=\"elementor-widget-wrap elementor-element-populated\">\n\t\t\t\t\t\t\t\t<div class=\"elementor-element elementor-element-b0b6a16 elementor-widget elementor-widget-text-editor\" data-id=\"b0b6a16\" data-element_type=\"widget\" data-widget_type=\"text-editor.default\">\n\t\t\t\t<div class=\"elementor-widget-container\">\n\t\t\t<style>\/*! elementor - v3.12.1 - 02-04-2023 *\/\n.elementor-widget-text-editor.elementor-drop-cap-view-stacked .elementor-drop-cap{background-color:#69727d;color:#fff}.elementor-widget-text-editor.elementor-drop-cap-view-framed .elementor-drop-cap{color:#69727d;border:3px solid;background-color:transparent}.elementor-widget-text-editor:not(.elementor-drop-cap-view-default) .elementor-drop-cap{margin-top:8px}.elementor-widget-text-editor:not(.elementor-drop-cap-view-default) .elementor-drop-cap-letter{width:1em;height:1em}.elementor-widget-text-editor .elementor-drop-cap{float:left;text-align:center;line-height:1;font-size:50px}.elementor-widget-text-editor .elementor-drop-cap-letter{display:inline-block}<\/style>\t\t\t\t<p><strong>1. \u00bfQUI\u00c9NES SOMOS?<\/strong> <br \/>Nosotros somos <strong>COMBUSTIBLES DE SEGURIDAD<\/strong> y tratamos tus datos personales como corresponsables del tratamiento. Esto quiere decir que nos hacemos cargo conjuntamente de c\u00f3mo usar y proteger tus datos.<\/p>\n<p><br \/><strong>2. \u00bfPARA QU\u00c9 USAMOS TUS DATOS?<\/strong> <br \/>Usaremos tus datos (obtenidos online o en persona), entre otras finalidades, para gestionar tu registro como usuario, gestionar la compra de productos o servicios, atender tus consultas as\u00ed como para, en caso de que lo desees, enviarte nuestras comunicaciones personalizadas.<\/p>\n<p><br \/><strong>3. \u00bfPOR QU\u00c9 LOS USAMOS?<\/strong><br \/>Estamos legitimados para tratar tus datos por diferentes motivos. El principal, necesitamos tratarlos para ejecutar el contrato que aceptas con nosotros al registrarte y al hacer una compra o disfrutar de alguno de nuestros servicios o funcionalidades, aunque hay otras razones que nos legitiman a ello, como el inter\u00e9s en atender tus consultas o el consentimiento que nos prestas para enviarte nuestras newsletter, entre otras.<\/p>\n<p><br \/><strong>4. \u00bfCON QUI\u00c9N COMPARTIMOS TUS DATOS<\/strong>?<br \/>Compartiremos tus datos con prestadores de servicios que nos ayudan o dan soporte, ya sean empresas de FLAMMA Y FOGON CUENTAS EN PARTICIPACI\u00d3N o colaboradores externos con quien hemos llegado a un acuerdo y est\u00e9n ubicados en este pa\u00eds, para mantenernos dentro de lo que dispone la ley.<\/p>\n<p><br \/><strong>5. TUS DERECHOS.<\/strong><br \/>Tienes derecho a acceder, rectificar o suprimir tus datos personales. En algunos casos, tambi\u00e9n tienes otros derechos, por ejemplo, a oponerte a que usemos tus datos o a portarlos. Te invitamos a leer nuestra Pol\u00edtica de Privacidad y Cookies completa a continuaci\u00f3n para entender en detalle el uso que haremos de tus datos personales y los derechos de los que dispones en relaci\u00f3n con los mismos.<\/p>\t\t\t\t\t\t<\/div>\n\t\t\t\t<\/div>\n\t\t\t\t\t<\/div>\n\t\t<\/div>\n\t\t\t\t\t\t\t<\/div>\n\t\t<\/section>\n\t\t\t\t\t\t\t<\/div>\n\t\t","protected":false},"excerpt":{"rendered":"<p>NUESTRA POL\u00cdTICA DE PRIVACIDAD DE UN VISTAZO 1. \u00bfQUI\u00c9NES SOMOS? Nosotros somos COMBUSTIBLES DE SEGURIDAD y tratamos tus datos personales como corresponsables del tratamiento. Esto quiere decir que nos hacemos cargo conjuntamente de c\u00f3mo usar y proteger tus datos. 2. \u00bfPARA QU\u00c9 USAMOS TUS DATOS? Usaremos tus datos (obtenidos online o en persona), entre otras [&hellip;]<\/p>\n","protected":false},"author":1,"featured_media":0,"parent":0,"menu_order":0,"comment_status":"closed","ping_status":"open","template":"","meta":{"footnotes":""},"class_list":["post-3","page","type-page","status-publish","hentry","entry"],"_links":{"self":[{"href":"https:\/\/combustiblesdeseguridad.com\/index.php?rest_route=\/wp\/v2\/pages\/3","targetHints":{"allow":["GET"]}}],"collection":[{"href":"https:\/\/combustiblesdeseguridad.com\/index.php?rest_route=\/wp\/v2\/pages"}],"about":[{"href":"https:\/\/combustiblesdeseguridad.com\/index.php?rest_route=\/wp\/v2\/types\/page"}],"author":[{"embeddable":true,"href":"https:\/\/combustiblesdeseguridad.com\/index.php?rest_route=\/wp\/v2\/users\/1"}],"replies":[{"embeddable":true,"href":"https:\/\/combustiblesdeseguridad.com\/index.php?rest_route=%2Fwp%2Fv2%2Fcomments&post=3"}],"version-history":[{"count":10,"href":"https:\/\/combustiblesdeseguridad.com\/index.php?rest_route=\/wp\/v2\/pages\/3\/revisions"}],"predecessor-version":[{"id":3624,"href":"https:\/\/combustiblesdeseguridad.com\/index.php?rest_route=\/wp\/v2\/pages\/3\/revisions\/3624"}],"wp:attachment":[{"href":"https:\/\/combustiblesdeseguridad.com\/index.php?rest_route=%2Fwp%2Fv2%2Fmedia&parent=3"}],"curies":[{"name":"wp","href":"https:\/\/api.w.org\/{rel}","templated":true}]}}